169?
919
What is the highest common divisor of 482 and 7834187?
241
What is the greatest common factor of 121947 and 25011?
21
Calculate the greatest common divisor of 570500978 and 6683.
6683
Calculate the highest common divisor of 109280853 and 55.
11
Calculate the greatest common factor of 1083599 and 873732.
4283
Calculate the greatest common factor of 614582 and 12878.
274
What is the highest common factor of 6125745 and 35?
5
Calculate the highest common divisor of 199900148 and 77.
7
What is the highest common factor of 49920 and 25272?
312
What is the highest common factor of 56035 and 123813335?
8005
Calculate the greatest common divisor of 6736 and 24224.
16
Calculate the greatest common divisor of 22688 and 5595428.
2836
Calculate the greatest common divisor of 392172471 and 2151.
2151
What is the greatest common divisor of 16853491 and 31?
31
What is the greatest common factor of 1731827 and 2384?
149
What is the highest common divisor of 474 and 2027478?
6
What is the highest common factor of 101219 and 3345806?
797
Calculate the highest common factor of 171138 and 9768.
66
What is the greatest common factor of 2018379 and 14663?
341
Calculate the greatest common factor of 940 and 12417870.
470
Calculate the greatest common divisor of 16172 and 3833386.
622
What is the greatest common factor of 257396 and 89077?
281
What is the highest common divisor of 1116 and 116591?
31
Calculate the greatest common divisor of 21025 and 2780.
5
Calculate the greatest common divisor of 76044420 and 20.
20
What is the highest common factor of 1122 and 3457443?
561
What is the greatest common divisor of 1352 and 683312968?
1352
What is the greatest common factor of 2225 and 924145295?
445
Calculate the highest common factor of 84514139 and 1138.
569
Calculate the highest common factor of 8887949 and 7511.
203
Calculate the greatest common factor of 29194 and 64427.
11
Calculate the greatest common factor of 224 and 743918112.
224
Calculate the greatest common factor of 3835 and 2683733.
767
Calculate the highest common divisor of 2270 and 42552285.
1135
Calculate the highest common divisor of 911 and 36785269.
911
Calculate the highest common divisor of 6642 and 1688298.
246
What is the greatest common divisor of 16174791 and 21240?
531
What is the highest common divisor of 489 and 234906961?
163
Calculate the highest common factor of 5180 and 23557345.
1295
Calculate the highest common divisor of 19282 and 435089.
311
What is the highest common factor of 1386 and 144063?
9
Calculate the greatest common factor of 18883886 and 14.
14
Calculate the highest common divisor of 1350103 and 2536.
317
What is the greatest common factor of 23983315 and 97155?
635
Calculate the highest common factor of 38394 and 178935.
237
Calculate the greatest common factor of 10479 and 368193.
21
Calculate the greatest common factor of 36134 and 698917.
89
Calculate the highest common divisor of 23445 and 30965635.
2605
Calculate the greatest common divisor of 8090 and 293913745.
4045
What is the greatest common factor of 52498010 and 170?
10
What is the greatest common factor of 4865755216 and 112?
112
What is the highest common factor of 910117 and 377?
13
What is the highest common factor of 926180 and 710?
10
Calculate the greatest common factor of 8 and 72767908.
4
Calculate the greatest common divisor of 189810 and 200610.
270
What is the highest common divisor of 35 and 2919871?
1
What is the greatest common factor of 2050950 and 2435037?
3729
Calculate the highest common divisor of 6 and 3693294.
6
What is the greatest common divisor of 1534107 and 26631?
807
Calculate the highest common factor of 3276934 and 846.
94
What is the highest common divisor of 46 and 6083040?
46
What is the greatest common factor of 2351137077 and 459?
459
Calculate the greatest common divisor of 19470 and 353595.
165
What is the highest common divisor of 150 and 31772175?
75
What is the highest common divisor of 48 and 9951808?
16
Calculate the highest common divisor of 273547135 and 5560.
695
Calculate the highest common factor of 2022 and 31812126.
2022
What is the greatest common factor of 101 and 331899433?
101
Calculate the highest common divisor of 1561752 and 90579.
327
What is the greatest common divisor of 2232 and 545073?
93
What is the greatest common divisor of 36 and 9161226?
18
What is the greatest common factor of 182 and 352105104?
26
What is the greatest common factor of 3739593 and 19053177?
9867
What is the greatest common factor of 10272507 and 1005?
201
Calculate the highest common divisor of 63870 and 30.
30
What is the greatest common factor of 17472 and 419952?
624
What is the highest common factor of 1781929 and 1132007?
3571
What is the highest common factor of 1180 and 2220052?
236
What is the highest common divisor of 404952926 and 203?
203
Calculate the highest common divisor of 142400 and 6720320.
320
What is the greatest common divisor of 82 and 765650?
2
What is the greatest common factor of 452785 and 4247?
137
Calculate the highest common divisor of 7712 and 241653592.
1928
What is the highest common divisor of 1017591 and 31032?
1293
What is the highest common factor of 328 and 4164985?
41
Calculate the highest common divisor of 47214 and 62694.
774
Calculate the greatest common factor of 551852 and 140252.
28
What is the greatest common divisor of 15223158 and 3924?
1962
Calculate the greatest common divisor of 26761604 and 1156.
68
What is the greatest common divisor of 23946 and 6864?
78
What is the highest common factor of 274549 and 1936?
121
Calculate the greatest common divisor of 2334 and 49446568.
778
What is the highest common factor of 6285285 and 180?
45
Calculate the highest common factor of 211558 and 5776751.
761
What is the greatest common factor of 1505317 and 1029303?
3091
What is the greatest common divisor of 636057 and 39411?
261
Calculate the highest common factor of 4 and 17921698.
2
Calculate the highest common factor of 70266 and 71964095.
11711
What is the greatest common factor of 9776 and 29488?
16
What is the greatest common factor of 592 and 530480?
16
Calculate the highest common factor of 160056 and 2974716.
684
What is the greatest common divisor of 8626 and 4755196?
454
What is the highest common factor of 105938 and 10486?
98
Calculate the highest common divisor of 55209 and 77031612.
5019
Calculate the greatest common divisor of 87750 and 288000.
2250
Calculate the highest common factor of 26417899 and 1121.
59
What is the greatest common divisor of 865 and 11349665?
865
Calculate the greatest common factor of 4574 and 3027475712.
4574
What is the highest common divisor of 339937 and 8216?
1027
What is the greatest common divisor of 640 and 2972640?
160
What is the greatest common divisor of 2753787946 and 3374?
3374
Calculate the greatest common divisor of 4720 and 11099965.
295
What is the highest common factor of 871234 and 5824?
182
Calculate the highest common factor of 430 and 29357562.
86
What is the highest common divisor of 5506361 and 29624?
3703
What is the greatest common divisor of 26255 and 94105?
295
What is the highest common factor of 494239 and 535021?
971
Calculate the highest common factor of 311 and 27201.
1
Calculate the highest common divisor of 1206 and 60367938.
402
Calculate the highest common factor of 9039 and 141237388.
3013
What is the highest common divisor of 82368 and 311056?
16
What is the greatest common factor of 328 and 20120545?
41
Calculate the greatest common factor of 1008 and 50532.
12
What is the greatest common factor of 1911 and 477477?
273
Calculate the greatest common divisor of 414912 and 741223.
2161
What is the greatest common factor of 2107 and 22799749?
49
Calculate the highest common divisor of 119138 and 226.
2
What is the greatest common divisor of 1701282 and 16608?
1038
What is the highest common factor of 75 and 231069?
3
Calculate the greatest common factor of 442 and 9415705.
221
What is the greatest common divisor of 176055 and 158595?
1455
Calculate the highest common divisor of 74113 and 69446.
13
What is the greatest common divisor of 251793 and 2405745?
2493
Calculate the highest common divisor of 934830 and 73125.
585
Calculate the highest comm